 75 divide 8206256?
False
Is 3671840 a multiple of 106?
True
Is 141 a factor of 83728?
False
Is 6929130 a multiple of 15?
True
Is 2323240 a multiple of 1115?
False
Does 401 divide 488878?
False
Is 21 a factor of 165133?
False
Is 99 a factor of 453959?
False
Does 24 divide 734548?
False
Is 38 a factor of 40356?
True
Is 4609936 a multiple of 248?
False
Is 11 a factor of 47179?
True
Does 32 divide 5882537?
False
Does 748 divide 2369459?
False
Is 451 a factor of 339603?
True
Is 277876 a multiple of 124?
False
Is 41643 a multiple of 17?
False
Is 294 a factor of 94633?
False
Does 495 divide 868610?
False
Is 291 a factor of 1691874?
True
Is 23 a factor of 121739?
True
Is 4271908 a multiple of 1202?
True
Is 4621894 a multiple of 18?
False
Is 10 a factor of 504840?
True
Is 10 a factor of 526520?
True
Is 517 a factor of 268840?
True
Is 14 a factor of 724388?
True
Does 281 divide 1119751?
False
Does 10 divide 121965?
False
Is 891428 a multiple of 137?
False
Does 1529 divide 33451462?
True
Does 11 divide 210607?
False
Does 376 divide 6025400?
True
Is 13 a factor of 159529?
False
Is 17 a factor of 409139?
True
Does 5 divide 128198?
False
Is 12 a factor of 118500?
True
Is 26 a factor of 85228?
True
Does 4 divide 122738?
False
Is 16 a factor of 17001?
False
Does 4 divide 60024?
True
Is 12 a factor of 491832?
True
Does 42 divide 46945?
False
Is 25 a factor of 3229265?
False
Is 256683 a multiple of 51?
True
Is 55 a factor of 25571?
False
Is 3330053 a multiple of 40?
False
Is 4592775 a multiple of 165?
True
Is 598 a factor of 5334625?
False
Does 51 divide 5145747?
True
Is 35 a factor of 29705?
False
Does 38 divide 290618?
False
Is 54670 a multiple of 35?
True
Does 295 divide 2252898?
False
Is 26 a factor of 2923711?
False
Is 31 a factor of 172652?
False
Is 23 a factor of 26740?
False
Is 10 a factor of 5600?
True
Does 42 divide 258785?
False
Is 78978 a multiple of 7?
False
Is 152773 a multiple of 37?
True
Does 6 divide 156612?
True
Does 62 divide 32736?
True
Does 148 divide 876104?
False
Does 3 divide 348333?
True
Is 6010114 a multiple of 11?
True
Is 2502871 a multiple of 34?
False
Does 40 divide 15823?
False
Does 658 divide 887642?
True
Is 696615 a multiple of 3?
True
Does 441 divide 295911?
True
Does 23 divide 198605?
True
Is 12 a factor of 155528?
False
Does 38 divide 1284286?
True
Does 49 divide 74297?
False
Is 48654 a multiple of 159?
True
Is 17 a factor of 469795?
True
Is 11 a factor of 1671502?
False
Is 270453 a multiple of 44?
False
Is 19085 a multiple of 9?
False
Does 550 divide 250250?
True
Does 4 divide 767708?
True
Is 77 a factor of 224455?
True
Does 17 divide 1705627?
True
Is 1406836 a multiple of 19?
True
Is 68 a factor of 35015?
False
Does 4 divide 28407?
False
Does 20 divide 1313657?
False
Does 43 divide 211546?
False
Is 26268 a multiple of 11?
True
Is 100 a factor of 608100?
True
Does 28 divide 1335458?
False
Is 5953913 a multiple of 1027?
False
Is 63273 a multiple of 24?
False
Is 47 a factor of 242336?
False
Is 423 a multiple of 141?
True
Is 224 a factor of 308543?
False
Does 791 divide 12584026?
False
Does 220 divide 1079311?
False
Is 1394030 a multiple of 1045?
True
Does 6 divide 64357?
False
Does 12 divide 1580380?
False
Is 22 a factor of 1060334?
True
Does 54 divide 11698128?
True
Is 3 a factor of 66561?
True
Is 38 a factor of 153695?
False
Is 884255 a multiple of 103?
True
Is 134 a factor of 33245?
False
Is 124444 a multiple of 676?
False
Is 19 a factor of 9843701?
False
Does 5 divide 200673?
False
Is 3 a factor of 20704?
False
Is 5 a factor of 204240?
True
Is 1431 a factor of 1191179?
False
Is 60 a factor of 27471202?
False
Is 658 a factor of 12846134?
True
Is 22 a factor of 5547380?
False
Does 5 divide 1182986?
False
Is 2 a factor of 1419777?
False
Is 14 a factor of 548800?
True
Is 12 a factor of 536028?
True
Does 39 divide 5902533?
True
Does 101 divide 1223413?
True
Does 23 divide 143935?
False
Does 86 divide 353288?
True
Is 19 a factor of 81365?
False
Does 260 divide 5420740?
True
Does 13 divide 4943378?
False
Is 224852 a multiple of 4?
True
Is 23 a factor of 8694?
True
Is 9 a factor of 9867223?
False
Is 15 a factor of 180135?
True
Is 2146847 a multiple of 37?
False
Does 1203 divide 797939?
False
Is 328655 a multiple of 489?
False
Is 309 a factor of 2116608?
False
Is 85932 a multiple of 126?
True
Is 16 a factor of 8521472?
True
Is 59 a factor of 191573?
True
Is 6697422 a multiple of 28?
False
Does 9 divide 107856?
True
Does 24 divide 1143240?
True
Is 544 a factor of 326476?
False
Is 3641976 a multiple of 36?
True
Is 194 a factor of 608772?
True
Does 11 divide 173018?
False
Is 366 a factor of 1267753?
False
Is 9 a factor of 1034181?
True
Does 144 divide 1915200?
True
Does 695 divide 4186888?
False
Does 95 divide 690421?
False
Is 437232 a multiple of 39?
False
Is 297080 a multiple of 7?
True
Is 41 a factor of 2334294?
True
Is 797415 a multiple of 92?
False
Does 49 divide 13146643?
False
Is 411312 a multiple of 32?
False
Is 99 a factor of 2188989?
True
Does 48 divide 19968?
True
Is 25159 a multiple of 238?
False
Does 20 divide 14335382?
False
Does 1936 divide 7356425?
False
Does 27 divide 201123?
True
Does 366 divide 529618?
False
Is 2301713 a multiple of 61?
True
Does 10 divide 59458?
False
Is 41317830 a multiple of 12?
False
Does 8 divide 197000?
True
Is 7736168 a multiple of 44?
True
Is 501622 a multiple of 22?
True
Is 20457953 a multiple of 45?
False
Is 5762891 a multiple of 228?
False
Is 12 a factor of 9988092?
True
Is 702760 a multiple of 14?
False
Is 32 a factor of 7977234?
False
Is 25 a factor of 826125?
True
Does 55 divide 1859935?
True
Is 21 a factor of 99792?
True
Does 36 divide 265157?
False
Is 266633 a multiple of 12?
False
Is 2111991 a multiple of 90?
False
Is 110 a factor of 1785080?
True
Is 689502 a multiple of 682?
True
Does 39 divide 87529?
False
Is 1191 a factor of 741993?
True
Is 15 a factor of 9525?
True
Is 339 a factor of 9880272?
False
Is 115142 a multiple of 13?
False
Is 342 a factor of 913482?
True
Is 158711 a multiple of 4?
False
Is 70532 a multiple of 24?
False
Is 49116 a multiple of 183?
False
Is 28 a factor of 686420?
True
Is 267 a factor of 81969?
True
Is 7 a factor of 1062796?
True
Is 1239109 a multiple of 35?
False
Is 1935436 a multiple of 19?
False
Is 803 a factor of 1611988?
False
Is 4 a factor of 261319?
False
Is 473 a factor of 142395?
False
Does 17 divide 110167?
False
Is 10301646 a multiple of 410?
False
Is 44 a factor of 554736?
False
Is 7 a factor of 7023?
False
Is 210909 a multiple of 121?
False
Is 273 a factor of 342888?
True
Does 948 divide 2615532?
True
Is 110810 a multiple of 35?
True
Is 9 a factor of 185361?
False
Is 7 a factor of 176540?
True
Is 203 a factor of 71948?
False
Does 76 divide 3408120?
False
Does 81 divide 721791?
True
Does 12 divide 10712837?
False
Is 867988 a multiple of 645?
False
Is 9 a factor of 317754?
True
Is 193 a factor of 6004230?
True
Is 1037780 a multiple of 10?
True
Is 7137991 a multiple of 11?
False
Is 51 a factor of 935585?
False
Does 65 divide 61035?
True
Is 437270 a multiple of 19?
False
Is 836640 a multiple of 480?
True
Is 5 a factor of 2190865?
True
Does 918 divide 1824626?
False
Is 6750 a multiple of 50?
True
Is 4 a factor of 2297044?
True
Is 51 a factor of 18914?
False
Is 248 a factor of 3666184?
True
Is 3501599 a multiple of 10?
False
Is 4 a factor of 12952?
True
Is 116 a factor of 6993872?
True
Is 1088946 a multiple of 10?
False
Is 36 a factor of 123359?
False
Is 69 a factor of 150811?
False
Is 32801 a multiple of 19?
False
Does 6 divide 939579?
False
Is 3527959 a multiple of 2?
False
Is 282 a factor of 3124484?
False
Is 3195220 a multiple of 70?
True
Is 14 a factor of 1666652?
False
Is 39 a factor of 153426?
True
Is 36890 a multiple of 14?
True
Does 10 divide 1980000?
True
Is 19307 a multiple of 3?
False
Is 13 a factor of 2632717?
False
Is 17162782 a multiple of 26?
True
Is 23 a factor of 16724450?
True
Does 9 divide 13851?
True
Is 19098846 a multiple of 18?
True
Does 21 divide 520072?
False
Is 2 a factor of 5175?
False
Is 1205546 a multiple of 14?
False
Is 415344 a multiple of 143?
False
Does 296 divide 219984?
False
Is 906 a factor of 4102861?
False
Is 713127 a multiple of 27?
False
Is 204042 a multiple of 31?
True
Does 69 divide 201894?
True
Is 3913